ive o(0).
-10
Let h(l) = l**3 + l**2 - 2*l - 6. Calculate h(-3).
-18
Let y(f) = f**3 + 8*f**2 + 8*f + 15. Calculate y(-7).
8
Let b(y) = -7*y + 181. What is b(25)?
6
Let f(d) = d**2 + 8*d - 34. Give f(-10).
-14
Let r(a) = -a**2 + 3*a + 41. Calculate r(-4).
13
Let a(b) = b**2 + 26*b - 21. What is a(-26)?
-21
Let r(l) = -2*l + 35. Calculate r(25).
-15
Let h(c) = c**3 + 4*c**2 + c - 56. Give h(0).
-56
Let q(o) = -o**3 + 6*o**2 - 4*o + 5. Give q(4).
21
Let k(r) = 2*r + 3. Give k(2).
7
Let i(a) = -2*a - 4. Give i(-6).
8
Let x(p) = -5*p**2 + 4*p. What is x(2)?
-12
Let w(n) = -7*n + 3. Determine w(-10).
73
Let p(c) = c**2 + 14*c + 16. What is p(-12)?
-8
Let f(v) = -v + 3. Determine f(-2).
5
Let c(w) = w**3 + 16*w**2 + 15*w + 6. What is c(-15)?
6
Let u(j) = -j - 20. Determine u(-6).
-14
Let s(c) = 4*c**2 + 3*c - 3. What is s(-4)?
49
Let i(q) = q**3 - 16*q**2 + 12*q + 60. Calculate i(15).
15
Let p(l) = -2*l**2 + 9*l - 15. Determine p(4).
-11
Let y(k) = k**3 - 8*k**2 + k - 9. Determine y(7).
-51
Let v(m) = m**2 - 4*m - 7. What is v(5)?
-2
Let u(k) = -k - 2. Determine u(-3).
1
Let h(m) = -8*m**2 + 5*m + 11. Determine h(-4).
-137
Let m(j) = -2*j**2 + 28*j - 80. Calculate m(9).
10
Let a(c) = -38*c + 3. What is a(3)?
-111
Let w(t) = 2*t + 12. Determine w(-8).
-4
Let q(m) = -m**3 - 8*m**2 - 12*m - 2. Calculate q(-5).
-17
Let g(a) = 24*a - 6. Determine g(4).
90
Let h(q) = 3*q - 24. Give h(12).
12
Let p(g) = 15*g - 35. Determine p(4).
25
Let m(q) = 5*q**2 - q - 2. What is m(-1)?
4
Let f(m) = -m**3 - 8*m**2 + 12*m - 7. Calculate f(-9).
-34
Let m(r) = 22*r - 51. What is m(4)?
37
Let o(i) = i**3 + 8*i**2 - i - 6. Calculate o(-8).
2
Let r(u) = -u**3 - 6*u**2 + 6*u + 5. Give r(-7).
12
Let k(v) = 2*v**3 + 6*v**2 + 2*v - 2. Determine k(-4).
-42
Let x(s) = s**2 + 9*s + 8. Determine x(-5).
-12
Let b(j) = -j**3 - 3*j**2 - j + 1. What is b(-3)?
4
Let y(o) = -o**3 + 5*o**2 - 9. What is y(4)?
7
Let z(n) = n**2 + 3*n - 12. Give z(4).
16
Let s(q) = -q**2 + 2*q + 405. What is s(21)?
6
Let b(j) = -13*j - 15. Give b(5).
-80
Let f(x) = 3*x**3 - x**2 - x - 5. Calculate f(0).
-5
Let s(j) = -5*j**2. Calculate s(2).
-20
Let f(n) = -n**2 - 8*n - 9. Give f(-3).
6
Let z(n) = n**3 + 4*n**2 - 2*n + 2. Give z(-6).
-58
Let l(m) = -3*m - 77. Determine l(-25).
-2
Let l(m) = -m - 5. Determine l(-6).
1
Let m(i) = 4*i**2 - 73*i + 21. What is m(18)?
3
Let y(p) = -p**3 - 3*p**2 + p - 3. Give y(-2).
-9
Let b(h) = h**3 - 8*h**2 - 7*h + 30. Determine b(9).
48
Let m(g) = -g**3 - 2*g**2 + 20*g + 3. Determine m(-6).
27
Let h(r) = r**2 + 16*r - 74. What is h(-18)?
-38
Let b(c) = 5*c - 58. What is b(11)?
-3
Let d(a) = 2*a**2 + 59*a - 19. What is d(-30)?
11
Let w(a) = -2*a**2 + 2*a - 1. Determine w(4).
-25
Let h(m) = 4*m + 9. Calculate h(-8).
-23
Let f(r) = r**2 - 11*r. Determine f(10).
-10
Let n(t) = t**2 + 8*t - 31. What is n(-11)?
2
Let m(o) = o**3 - 14*o**2 + 2*o - 6. Give m(14).
22
Let n(l) = l**2 - 6*l - 2. Give n(6).
-2
Let q(u) = -u**2 + 12*u - 10. What is q(10)?
10
Let b(x) = 8*x - 51. Determine b(-4).
-83
Let y(a) = a**3 + 4*a**2 - a - 2. What is y(-4)?
2
Let l(c) = -c**3 - 9*c**2 - 14. Determine l(-9).
-14
Let k(q) = -q**3 + 13*q**2 + 17*q - 15. Give k(14).
27
Let w(p) = 6*p + 7. What is w(0)?
7
Let d(t) = t - 9. Give d(6).
-3
Let d(r) = 2*r**2 + 9*r - 8. What is d(-7)?
27
Let y(b) = 3*b**2 + 101*b + 69. What is y(-33)?
3
Let d(s) = -s - 9. Calculate d(-7).
-2
Let x(s) = 8*s**2 - 2*s - 1. Give x(2).
27
Let a(n) = -n**3 - 15*n**2 - 15*n - 11. Calculate a(-14).
3
Let f(p) = -12*p + 4. Give f(-2).
28
Let n(v) = 6*v**3 - 2*v**2 + v + 3. Determine n(-1).
-6
Let r(a) = a + 3. Give r(0).
3
Let o(x) = -x**3 - 11*x**2 - 7*x + 1. What is o(-10)?
-29
Let f(c) = -c**2 - c - 12. Give f(0).
-12
Let r(t) = -5*t**3 + t**2 - 3*t + 2. What is r(1)?
-5
Let n(y) = -y**2 - 2*y + 6. Calculate n(2).
-2
Let h(c) = c + 9. What is h(7)?
16
Let k(t) = t**2 - t - 26. Give k(6).
4
Let p(c) = 18*c + 2. Give p(-1).
-16
Let v(f) = 9*f**2 + 2*f + 1. Give v(-1).
8
Let n(g) = -g**2 - 5*g - 3. Give n(-5).
-3
Let m(r) = -r**3 + 10*r**2 + 24*r + 4. Give m(12).
4
Let f(t) = -5*t + 6. Determine f(-2).
16
Let r(q) = -2*q**3 - 10*q**2 - q - 6. Determine r(-5).
-1
Let q(m) = 4*m**2 - 11*m + 4. What is q(4)?
24
Let d(x) = -35*x + 6. What is d(2)?
-64
Let w(a) = a**2 + 8*a - 6. What is w(-7)?
-13
Let h(x) = -x - 30. What is h(-29)?
-1
Let v(o) = o**3 - 15*o**2 + 13*o + 22. What is v(14)?
8
Let w(v) = v**3 + 24*v**2 + 44*v - 11. What is w(-22)?
-11
Let f(u) = -11*u - 202. Give f(-18).
-4
Let k(p) = -2*p - 9. Calculate k(-10).
11
Let n(h) = -3*h**2 + 7*h - 6. Calculate n(2).
-4
Let k(t) = t**2 + 13*t + 20. What is k(-12)?
8
Let s(c) = -c**2 - 4*c - 2. Calculate s(-3).
1
Let g(m) = m**2 - 5*m - 1. Calculate g(4).
-5
Let s(w) = 3*w - 25. What is s(2)?
-19
Let a(d) = d**3 - 10*d**2 + 7*d + 12. What is a(9)?
-6
Let b(t) = -t**3 - 27*t**2 - 30*t - 88. Determine b(-26).
16
Let d(r) = r**2 - 4*r - 15. Calculate d(-3).
6
Let x(y) = y**3 - 17*y**2 - 21*y + 43. Determine x(18).
-11
Let d(k) = -k**3 + 41*k**2 - 9*k + 367. What is d(41)?
-2
Let k(m) = -m**3 - 3*m**2 - 2*m. What is k(-2)?
0
Let f(d) = -d**2 + 5*d + 6. Calculate f(6).
0
Let y(r) = r**2 - 28*r + 136. What is y(22)?
4
Let z(l) = 5*l + 78. What is z(-15)?
3
Let y(m) = 8*m + 2. What is y(-2)?
-14
Let j(t) = t**3 + 6*t**2 - 10*t - 14. What is j(-8)?
-62
Let f(v) = 9*v + 7. Give f(-5).
-38
Let r(o) = o**2 + 8*o + 8. What is r(0)?
8
Let j(i) = 14*i + 14. Give j(-3).
-28
Let k(u) = -4*u**2 + 39*u - 12. Determine k(9).
15
Let m(u) = u**2 + 12*u - 20. Determine m(-13).
-7
Let d(j) = -2*j**2 + j + 10. Determine d(-4).
-26
Let r(n) = 2*n - 38. Give r(15).
-8
Let g(b) = -b**3 - 18*b**2 - 18*b - 20. Calculate g(-17).
-3
Let o(n) = -6*n**2 - n + 3. Give o(-2).
-19
Let n(i) = -i**3 + 31*i**2 + 35*i - 67. What is n(32)?
29
Let l(n) = n**3 + 24*n**2 + 44*n + 5. Determine l(-22).
5
Let k(i) = -53*i**2 - 3*i - 2. What is k(-1)?
-52
Let w(a) = 56*a**3 + a**2 - 1. Calculate w(-1).
-56
Let l(j) = -j**2 + 13*j + 32. Calculate l(14).
18
Let r(x) = 12*x + 15. Give r(-5).
-45
Let p(l) = -18*l - 6. Determine p(-3).
48
Let y(g) = -12*g + 212. Give y(20).
-28
Let z(v) = v**2 + v + 4. Give z(-3).
10
Let k(j) = j**2 - 7*j - 1. Calculate k(8).
7
Let a(h) = 13*h**2 - 4*h + 5. Determine a(4).
197
Let m(x) = 43*x - 31. Determine m(2).
55
Let s(r) = r**3 - 11*r**2 - 10*r - 12. What is s(12)?
12
Let j(z) = 18*z**2 + 1. Calculate j(1).
19
Let s(z) = z - 3. Give s(-3).
-6
Let g(u) = 13*u + 199. Determine g(-15).
4
Let z(g) = g**2 - 9*g - 1. What is z(9)?
-1
Let q(x) = x**3 + 18*x**2 - 40*x - 6. Give q(-20).
-6
Let r(j) = -j**3 + 16*j**2 - 11*j - 22. Calculate r(15).
38
Let c(j) = 46*j. Determine c(2).
92
Let p(u) = 14*u - 1. What is p(-1)?
-15
Let b(q) = -q**3 + 3*q**2 + 4*q + 9. Calculate b(4).
9
Let c(x) = x**2 - 16*x + 25. Calculate c(13).
-14
Let b(q) = -q**3 + 7*q**2 - 10*q - 6. What is b(5)?
-6
Let q(m) = m + 3. Calculate q(-10).
-7
Let w(u) = u**3 + 9*u**2 + 10*u - 6. Give w(-8).
-22
Let d(v) = v**2 + 9*v - 26. Determine d(-15).
64
Let j(t) = -8*t + 28. Determine j(10).
-52
Let r(h) = -2*h - 24. Calculate r(-16).
8
Let m(c) = -11*c**2 + 3*c + 4. Calculate m(3).
-86
Let r(n) = n**3 + 20*n**2 + 21*n + 29. Calculate r(-19).
-9
Let y(j) = -2*j**3 - 12*j**2 + 8*j + 9. Calculate y(-6).
-39
Let a(y) = -y**2 - 4*y + 3. What is a(-5)?
-2
Let q(b) = -3*b - 31. Give q(-14).
11
Let a(w) = 9*w - 212. Calculate a(21).
-23
Let j(h) = -h + 10. Determine j(7).
3
Let g(z) = z + 42. Calculate g(-35).
7
Let q(y) = 2*y**2 + 9*y + 2. Calculate q(-4).
-2
Let p(f) = 16*f**3 + 2*f**2 + 2*f + 1. What is p(-1)?
-15
Let k(t) = t**3 - 8*t**2 - 9*t + 4. Calculate k(9).
4
Let j(s) = s**3 + 10*s**2 - 8*s. Determine j(-11).
-33
Let k(o) = -o**2 - 14*o - 1. Determine k(-14).
-1
Let c(n) = n + 23. Determine c(0).
23
Let y(p) = -7*p - 72. Determine y(-10).
-2
Let x(u) = 3*u + 19. What is x(0)?
19
Let p(m) = m**3 - m**2 - 1. What is p(-2)?
-13
Let o(g) = g**3 - g**2 + g - 12. Give o(0).
-12
Let t(a) = a**2 + 20*a + 16. Give t(-17).
-35
Let w(t) = -t + 3. Determine w(-8).
11
Let p(r) = r**2 + 1. Determine p(-4).
17
Let j(r) = r**2 - 2*r - 6. What is j(7)?
29
Let o(f) = -f**3 - 8*f**2 - 3*f - 17. What is o(-8)?
7
Let j(v) = -v - 12. What is j(-6)?
-6
Let